i + 6*i - 12. Let w = 61 + i. List the prime factors of w.
7
Let x = 134 - 26. What are the prime factors of x?
2, 3
Suppose 4*n - 288 = 4. List the prime factors of n.
73
Suppose -p - 145 = 4*p. Let v = p - -49. List the prime factors of v.
2, 5
Let r(u) = -6 + 2 + 3*u + 2*u**2 + 3. List the prime factors of r(2).
13
Suppose -u + 0 - 6 = j, 0 = 5*u. Let f(z) = z**3 + 5*z**2 - 10*z - 8. Let w be f(j). Suppose 0 = 5*t - 9 - w. What are the prime factors of t?
5
Let c(n) = 14 - 12*n**2 + n**3 + 0*n**3 + 5 - 3 + 11*n. What are the prime factors of c(11)?
2
Suppose 2*d - n - 10 = 0, 3*d - 3*n = 7 + 11. What are the prime factors of d?
2
Let c(i) = i**2 + 5*i - 2. Let s = -11 - -6. Let f be c(s). What are the prime factors of (-92)/(-9) + f/9?
2, 5
Let s = -9 - -37. List the prime factors of s.
2, 7
Suppose -4*q - 41 = -125. Suppose 54 = 5*n - q. What are the prime factors of n?
3, 5
Let q be 1 + 1 + 0/5. List the prime factors of q/(-5) + (-84)/(-10).
2
Suppose 5*c = 4*n + 9, 0 = -0*n + 2*n - 4*c. Let g = n - -11. List the prime factors of g.
5
Let t = 2 - -2. List the prime factors of 3 + (t - 100)/(-4).
3
Suppose 16 = -0*p - 4*p. What are the prime factors of p/((2 + 1)/(-24))?
2
Suppose 6*s = 3*s + 231. What are the prime factors of s?
7, 11
Suppose 7*t - 792 - 454 = 0. What are the prime factors of t?
2, 89
Suppose -7 = 5*v - 62. Suppose d - 14 = 5*m, 3*d - 5*m + v - 43 = 0. List the prime factors of d.
3
Suppose 0 = -7*g + 2*g. Suppose g = -v - 3*v + 68. What are the prime factors of v?
17
Let j = -11 + 17. Let u = -4 + j. Let l = u + 9. List the prime factors of l.
11
Let p(d) = -d**2 + 10*d. Let a be p(8). Let z = -1 + a. What are the prime factors of z?
3, 5
Suppose 7*o - 2*o = 495. List the prime factors of o.
3, 11
Suppose -5*f + 581 = 3*p, -4*f - 222 = 2*p - 3*p. List the prime factors of p.
2, 101
What are the prime factors of ((-20)/12 + 4)*18?
2, 3, 7
Suppose -7 = 2*j + 1. Suppose -50 = 5*x - 0*x. What are the prime factors of x/4*(j - 0)?
2, 5
Suppose 0 = -4*l - 0*l - 16, -s + l + 4 = 0. Suppose -96 = -s*n - 3*n. Suppose 2*m = -4*g + 42, m + 1 = -3*g + n. List the prime factors of g.
2, 5
Let u = 133 + -60. List the prime factors of u.
73
Let k = 5 - 1. Suppose -12 = -k*c, 0*b + 5*b = 3*c + 41. List the prime factors of b.
2, 5
Let m = -10 - -15. Suppose -5*n + 3*n = m*z - 12, -z - 3*n = -5. List the prime factors of z.
2
Let s be (6 - -6)*(2 + 1). Let b = 54 - s. List the prime factors of b.
2, 3
Let u = 5 + 0. Suppose -3*k + 4*n + 24 = 0, 2*n + 40 = u*k - n. Suppose k*o - 35 = 3*o. List the prime factors of o.
7
Let q = -11 + 248. What are the prime factors of q?
3, 79
Suppose -3*n = 5*v - 16, 7*n - 4*n = 5*v - 4. What are the prime factors of n?
2
Suppose -5*b - 2*d - 61 = 0, -b - 3*b - 48 = 2*d. Let t = b + 44. What are the prime factors of t?
31
Let y = -3 + 15. What are the prime factors of y?
2, 3
Let z = 12 - 8. Let g be 14/4*12/7. Suppose 3*c - g = -z*v, -c = -5*c + v + 8. List the prime factors of c.
2
Suppose -4*v = 5 - 17. Suppose 0 = z + 2*s + s - 38, 3*z + v*s - 84 = 0. What are the prime factors of z?
23
Let i be (-2)/(0 - (-1 - 0)). Suppose f = -v + 9, 0*v + 3*f = -4*v + 36. Let o = v + i. List the prime factors of o.
7
Let l = 88 - -183. What are the prime factors of l?
271
What are the prime factors of 62 + 5/5 + -3?
2, 3, 5
Suppose -q + 45 = 4*q. Suppose 4*u - u - q = 0. Suppose 5*z - 60 = u*w, z + 10 = 2*w + 29. What are the prime factors of z?
3
List the prime factors of ((-143)/33)/(1/(-3)).
13
Suppose 3*x + 92 - 32 = 0. Let s = 35 + x. What are the prime factors of s?
3, 5
Suppose -h - 58 = -3*h. What are the prime factors of h?
29
Let w(j) = -12*j. Suppose -5*u = -2*n - 28, n - 20 = 4*n - 2*u. Let x be w(n). Suppose -5*s + x = -s. List the prime factors of s.
2, 3
Let i(p) = 2*p**2 + 5*p**3 - 2*p + 0 - 2 - 2*p**3 + 3. List the prime factors of i(1).
2
Let v(q) be the second derivative of -q**4/12 + 7*q**3/6 + 2*q**2 + 2*q. What are the prime factors of v(6)?
2, 5
Let a(p) = -2*p - 15. List the prime factors of a(-11).
7
Let t(n) = n**3 - 4*n**2 + 3*n + 4. Let b(v) = v**3 + 9*v**2 + 7*v - 5. Suppose -5*r + 3*r - 16 = 0. Let o be b(r). List the prime factors of t(o).
2
Suppose 4*t - 9*t = -270. List the prime factors of t.
2, 3
Let g = 3 - -15. Suppose p + g = 3*p. Let n(d) = 3*d - 8. What are the prime factors of n(p)?
19
Let x(r) = -r. Suppose 4*m = 5*w - 0*m - 6, 5*m = -5*w - 30. Let t(i) = i + 2. Let b(j) = w*x(j) - t(j). List the prime factors of b(6).
2
Suppose 0 = -b - 2 + 18. What are the prime factors of b + (-1 - -1 - 0)?
2
Suppose 4*g - 1 = 11. Let i be (-6)/9 - (-80)/g. Suppose 2*w - i = -5*p, 5 = -3*p + 3*w + 29. What are the prime factors of p?
2, 3
Let i = -2 + 2. Suppose -2*c + c = i. Let f = c + 5. List the prime factors of f.
5
Let i(s) = -10*s - 1 - 2*s + 3*s. Let z = 6 - 7. What are the prime factors of i(z)?
2
Suppose 5 = c, 0*y + c = 2*y + 27. Suppose 15 = 4*x - 49. Let q = y + x. List the prime factors of q.
5
Let s(i) = i**3 - 3*i**2 - 3*i - 1. Let a be s(4). Suppose -a*o = -5*o - 3*g + 25, -2*g + 30 = 2*o. What are the prime factors of o?
2, 5
Let j = 29 - -17. List the prime factors of j.
2, 23
Suppose -4*d + 3*u = -1469, 4*u = 5*d + 2*u - 1831. List the prime factors of d.
5, 73
Let t = -35 + 10. Let g = -18 - t. What are the prime factors of g?
7
Suppose m - 16 = -3*m, -m + 50 = f. List the prime factors of f.
2, 23
Let h(m) be the second derivative of -m**5/60 - 11*m**4/24 + m**3/6 + 2*m. Let n(s) be the second derivative of h(s). List the prime factors of n(-12).
13
Let s = -57 + 34. Let p be s/3 + (-1)/3. List the prime factors of 5/20 - 118/p.
3, 5
Suppose 0 = 9*u - 2*u - 259. List the prime factors of u.
37
Let j be 45/(-30) - (-39)/2. Suppose -h + j = 2. List the prime factors of h.
2
Suppose 0 = 2*o - 2, l + 2*o + 9 = 29. Suppose -2*v - 4*a + 51 = a, -a + l = v. Let b = v + -9. What are the prime factors of b?
2
Suppose 0 = 2*q - 33 - 9. What are the prime factors of q?
3, 7
Suppose 2*y + 2*y - 12 = 2*f, -26 = -2*y - 4*f. Suppose 2*a = y*t + 6*a + 44, 2*t = -5*a - 21. List the prime factors of (t/(-6))/((-1)/(-9)).
2, 3
Let p(c) = c**3 - c**2 + c. List the prime factors of p(2).
2, 3
Suppose -3*a = -7*a + 104. List the prime factors of a.
2, 13
Let a = -9 - -12. Suppose a*w = 4*w - 38. What are the prime factors of w?
2, 19
Suppose -5*v - 189 + 14 = 0. List the prime factors of (27/(-5))/(7/v).
3
Let t be 4/(-6) - 44/(-12). Suppose 0 = 3*w - 6*w + 108. Suppose -y + 6 = -4*k - 8, -5*y + w = -t*k. What are the prime factors of y?
2, 3
Let s(m) be the third derivative of -1/12*m**4 - 1/3*m**3 - 2*m**2 + 0*m + 0. What are the prime factors of s(-2)?
2
Suppose 13 = 3*d - 0*f + 4*f, -7 = -d - 4*f. Suppose -4*q = -4*m + 12, 0 = -0*q - q + d*m - 13. Let a = 7 + q. What are the prime factors of a?
3
Let l = -164 + 173. What are the prime factors of l?
3
Let l = -10 - 0. Let i = l - -43. List the prime factors of i.
3, 11
Suppose -94 + 10 = -3*s. List the prime factors of s.
2, 7
Let r be 3*-1*(-16)/6. Suppose -4*a + r + 104 = 0. List the prime factors of a.
2, 7
Suppose -x - 4*x = 0. Suppose x = -2*q + 5*r + 9, -4*q - r = -2*r - 45. What are the prime factors of q?
2, 3
Suppose 0 = f - 0*f. Let n = 7 - f. What are the prime factors of n?
7
Let i(a) = -a + 4. Let c be i(4). Let v(f) = -4*f**2 - 6*f - 7. Let r(s) = 5*s**2 + 7*s + 7. Let h(q) = -5*r(q) - 6*v(q). List the prime factors of h(c).
7
Let b be 4/(-22) - 3204/44. Let j = -43 - b. Suppose j = 2*r + 3*r. List the prime factors of r.
2, 3
Let j be (6/9)/(6/27). Suppose j*k - 28 = k. What are the prime factors of k?
2, 7
Let q(u) be the first derivative of 0*u - 1/2*u**2 - 2 + 2/3*u**3. List the prime factors of q(-2).
2, 5
Suppose 0 = -3*u - 3*w - 18, -3*u - 2*u = -2*w + 44. What are the prime factors of (-164)/u + 2/(-4)?
2, 5
Suppose 6*c - 5*c - 86 = 0. What are the prime factors of c?
2, 43
Suppose m - 3*m + 40 = 0. What are the prime factors of m?
2, 5
Suppose -u + 63 = -14. What are the prime factors of u?
7, 11
Let i(x) = x**3 - 10*x**2 + x. Let w(k) = 1 - 7*k + 7*k + 9*k**3. Let d be w(1). List the prime factors of i(d).
2, 5
What are the prime factors of (-1)/3 - (-58)/6*11?
2, 53
Let o(m) = -2*m**3 - 3*m**2 - m + 2. L